1 + 1000101?
1000010
In base 4, what is 12 + -100?
-22
In base 12, what is 1 + -282?
-281
In base 10, what is 14 + 565?
579
In base 12, what is -a + 3?
-7
In base 10, what is -40 - 38?
-78
In base 3, what is 1 - 1221?
-1220
In base 4, what is 223 + -1?
222
In base 5, what is -11303 + -1?
-11304
In base 3, what is -11 + 2221?
2210
In base 6, what is 305 - -23?
332
In base 2, what is 111010 - 1010110?
-11100
In base 4, what is 11 + -20?
-3
In base 8, what is 171 - 3?
166
In base 3, what is 212 + 22?
1011
In base 9, what is -12 + -164?
-176
In base 11, what is -433 + 2?
-431
In base 8, what is 534 - -6?
542
In base 11, what is -5 - 201?
-206
In base 16, what is -4 - -7e8?
7e4
In base 14, what is a0 + 20?
c0
In base 8, what is -125 + 1?
-124
In base 2, what is 1100110111 + 101?
1100111100
In base 2, what is 1101 - 1001100?
-111111
In base 5, what is 332344 - 4?
332340
In base 10, what is -4 - 365?
-369
In base 11, what is -839 - -5?
-834
In base 16, what is -7a + 2?
-78
In base 10, what is 16 + -33?
-17
In base 9, what is 2 - 4?
-2
In base 13, what is -10 - 10b?
-11b
In base 4, what is 0 + 1030?
1030
In base 2, what is 0 + -10010110000?
-10010110000
In base 8, what is 3 + 76?
101
In base 10, what is -960 + 5?
-955
In base 6, what is 5432 - 0?
5432
In base 15, what is -3 - -260?
25c
In base 16, what is 3 + -411?
-40e
In base 14, what is -5 + -5?
-a
In base 16, what is 44 - 3?
41
In base 6, what is -502 - -1?
-501
In base 7, what is -3 + -46?
-52
In base 5, what is 3 - 41203?
-41200
In base 2, what is 10 + -1010?
-1000
In base 6, what is -1241 - 1?
-1242
In base 3, what is 0 + -221100?
-221100
In base 12, what is -61b6 + 3?
-61b3
In base 8, what is -100 - 1?
-101
In base 14, what is 440 + 1?
441
In base 7, what is 31 - -11?
42
In base 7, what is -4 - -2624?
2620
In base 4, what is 10230 + 11?
10301
In base 3, what is 101020100 - 1?
101020022
In base 8, what is 1 - 13?
-12
In base 14, what is 183 + 4?
187
In base 2, what is -11 + 10000100?
10000001
In base 13, what is 3b3 + 1?
3b4
In base 9, what is -2080 - -6?
-2073
In base 8, what is -150 - 1?
-151
In base 5, what is 10 + 1121?
1131
In base 15, what is -1a1 - 3?
-1a4
In base 6, what is 131 + 21?
152
In base 11, what is -5 - 448?
-452
In base 16, what is -2 + -2b?
-2d
In base 7, what is 0 + -232?
-232
In base 13, what is 39 + -14?
25
In base 8, what is 5 - -54?
61
In base 9, what is 2 + -67?
-65
In base 5, what is 1 + -2002?
-2001
In base 7, what is 146 + 134?
313
In base 2, what is -1 - -1011011110010?
1011011110001
In base 4, what is 112030 - -3?
112033
In base 10, what is 3 + 5?
8
In base 7, what is 56 + 2?
61
In base 14, what is -a66 + 3?
-a63
In base 7, what is 3 - 52?
-46
In base 14, what is 3dd - -3?
402
In base 6, what is 4 - -114?
122
In base 2, what is 110 + 101?
1011
In base 4, what is 12 + -1001?
-323
In base 12, what is 4 + -18?
-14
In base 3, what is 11221 + 201?
12122
In base 7, what is -14 + 2?
-12
In base 5, what is 4 + 24411?
24420
In base 6, what is -4 - -1210?
1202
In base 13, what is -16 - -9?
-a
In base 12, what is 62 + 153?
1b5
In base 13, what is -38 + 11?
-27
In base 2, what is -101 - 100011101001?
-100011101110
In base 4, what is 0 + 21110?
21110
In base 12, what is 2a1 + 4?
2a5
In base 14, what is 2393 + -2?
2391
In base 6, what is 400 - -104?
504
In base 15, what is ea + 0?
ea
In base 4, what is 2 + 110?
112
In base 14, what is 0 - 65?
-65
In base 7, what is 40 + -363?
-323
In base 11, what is 19 + -49?
-30
In base 14, what is c9 - 0?
c9
In base 11, what is -2 - 388?
-38a
In base 8, what is 2 + 140?
142
In base 6, what is -1121 - -1?
-1120
In base 12, what is 2 + -30?
-2a
In base 7, what is -456 + -5?
-464
In base 15, what is 3 - 2b6?
-2b3
In base 14, what is 6b + -7?
64
In base 4, what is -112 + -3031?
-3203
In base 6, what is 2 + -1134?
-1132
In base 9, what is -16 - 468?
-485
In base 13, what is 16 - -60?
76
In base 12, what is -29 - -29?
0
In base 16, what is 52 + -3?
4f
In base 10, what is 5111 + 5?
5116
In base 14, what is -6d + -28?
-97
In base 14, what is 457 - 5?
452
In base 5, what is 342 - -102?
444
In base 8, what is -26 + -20?
-46
In base 9, what is -1068 - 10?
-1078
In base 16, what is -1 + -107?
-108
In base 10, what is 76 - 2?
74
In base 5, what is 4 - 104221?
-104212
In base 14, what is 2a - -2?
2c
In base 2, what is -110 - 1011011?
-1100001
In base 5, what is 10421 - 0?
10421
In base 14, what is 179 - 3?
176
In base 16, what is 2e - -8?
36
In base 7, what is 0 + 4651?
4651
In base 15, what is 1 - ce6?
-ce5
In base 9, what is 55 + -72?
-16
In base 2, what is 1001 + 101?
1110
In base 13, what is 5 - -4c1?
4c6
In base 6, what is 10152 + -13?
10135
In base 14, what is d0 + 17?
107
In base 3, what is -11 + -121?
-202
In base 3, what is -12 + 1110?
1021
In base 9, what is -5 - 1018?
-1024
In base 2, what is -10100001 - 11?
-10100100
In base 4, what is 1 - -1013?
1020
In base 14, what is -104 - -3?
-101
In base 9, what is 2 + -2400?
-2387
In base 14, what is -1154 - -1?
-1153
In base 5, what is 104 + 111?
220
In base 16, what is -20 - -4?
-1c
In base 15, what is 4 + -38?
-34
In base 8, what is 11 + -3?
6
In base 10, what is -18 + 622?
604
In base 9, what is -5 + 2072?
2066
In base 3, what is 100 - -120122?
120222
In base 6, what is -432232 + -5?
-432241
In base 13, what is -1 - -b?
a
In base 7, what is -16453 + 5?
-16445
In base 14, what is -3 + 3d?
3a
In base 7, what is 4 + -261?
-254
In base 8, what is 477 + 5?
504
In base 3, what is 21200 - -10?
21210
In base 16, what is 3 + -e16?
-e13
In base 9, what is -3643 + -11?
-3654
In base 15, what is -7e - -40?
-3e
In base 15, what is 20 - -29?
49
In base 9, what is -304 - 126?
-431
In base 12, what is 548 + -8?
540
In base 2, what is 101 + 100101?
101010
In base 7, what is 0 + -304?
-304
In base 9, what is 30 + 5?
35
In base 2, what is -111010 + 11?
-110111
In base 3, what is -11121111 - -12?
-11121022
In base 3, what is -1 + -212?
-220
In base 15, what is 20a + 6?
211
In base 4, what is 11112 - -10?
11122
In base 5, what is 10 + -2231?
-2221
In base 10, what is 1 + 80?
81
In base 6, what is -51 - -31?
-20
In base 2, what is -11 + 101000?
100101
In base 16, what is -2 + -11f?
-121
In base 7, what is -4 + 41?
34
In base 13, what is 5 + 2a?
32
In base 13, what is c - 46?
-37
In base 10, what is 17 - 204?
-187
In base 10, what is 2 + 424?
426
In base 7, what is 1541 + -2?
1536
In base 3, what is -11011 - 0?
-11011
In base 9, what is 87 - -2?
100
In base 3, what is -101 + 12?
-12
In base 14, what is -1 - 27?
-28
In base 3, what is 0 + -201200?
-201200
In base 8, what is 1 + 22204?
22205
In base 10, what is -16 + -174?
-190
In base 3, what is -20212 + 0?
-20212
In base 8, what is 6 - -54?
62
In base 16, what is -bb5 - 5?
-bba
In base 6, what is -4 + -13?
-21
In base 11, what is 3 + 6866?
6869
In base 5, what is -3122 + 3?
-3114
In base 10, what is 50 - 3?
47
In base 11, what is 195 - 4?
191
In base 4, what is 0 - 2010?
-2010
In base 11, what is 0 + 3688?
3688
In base 11, what is -1 - a?
-10
In base 8, what is 51 - -31?
102
In base 8, what is 10 + 3?
13
In base 11, what is 16 + 44?
5a
In base 13, what is -2 + -8a?
-8c
In base 3, what is 11 - 10?
1
In base 2, what is -10 - -1110101111?
1110101101
In base 16, what is 4 + 46b?
46f
In base 12, what is a8 - 40?
68
In base 4, what is -11 - 1012301?
-1012312
In base 6, what is -4415 - 3?
-4422
In base 6, what is -3 - -22251?
22244
In base 4, what is -100322 - -1?
-100321
In base 7, what is -3 - -414?
411
In base 11, what is -9a - -9?
-91
In base 10, what is 66 - -4?
70
In base 9, what is -46 - -350?
303
In base 16, what is -a16 + -1?
-a17
In base 11, what is -461 + -5?
-466
In base 6, what is -3 + 245?
242
In base 12, what is -14a - -36?
-114
In base 16, what is 4e - b?
43
In base 7, what is -5 + 254?
246
In base 4, what is -2231332 - 10?
-2232002
In base 13, what is -2 - 23a?
-23c
In base 6, what is 12 - 1011?
-555
In base 7, what is -132 + 5?
-124
In base 15, what is -27a + 16?
-264
In base 7, what is -606 - 0?
-606
In base 4, what is -1012120 + 11?
-1012103
In base 9, what is -256 - 10?
-266
In base 16, what is -3d - 0?
-3d
In base 7, what is -13266 + 4?
-13262
In base 2, what is 10001100101110 - 1?
10001100101101
In base 4, what is -3011 + -20?
-3031
In base 12, what i